actors of j?
3, 23
Suppose 55 = 2*q + 65. Let i(b) = -130*b - 112. What are the prime factors of i(q)?
2, 269
Let f = 48729 - 25170. What are the prime factors of f?
3, 7853
Suppose -5*b = -5*w - 18810, -2*w - 982 + 4753 = b. What are the prime factors of b?
3, 5, 251
Let y(n) be the third derivative of -11*n**5/120 + 13*n**4/24 - 11*n**3/6 + 10*n**2. Let d(o) be the first derivative of y(o). List the prime factors of d(-7).
2, 3, 5
Let x be -58*3/(-42) - 4/28. Suppose -5*d + x = -16. List the prime factors of -1*(d - 0) - -129.
5
Suppose 3513*r = 3502*r + 9086. List the prime factors of r.
2, 7, 59
Let a(z) = -z + 16. Let l be a(-9). Suppose -2*t = y - 208, -y = t - l - 77. What are the prime factors of t?
2, 53
Let l(a) = -3*a**2 + 271*a - 300. What are the prime factors of l(53)?
2, 1409
Let h(u) = 25*u - 5. Let i be h(1). Suppose -i = -4*a, 3*m = -2*m - 2*a + 300. Let t = m + -33. What are the prime factors of t?
5
Suppose -d + 3*m + 7115 = 0, -6*d + 5*m = -2*d - 28418. What are the prime factors of d?
47, 151
Let i(h) = h**2 - 17*h + 5. Let c be i(17). Suppose -4*d + c*b = -2871, -5*d + 31*b + 3582 = 27*b. List the prime factors of d.
2, 3, 7, 17
Let c(j) = -5 - 2 + 1186*j - 137*j - 18. What are the prime factors of c(1)?
2
Suppose -l = 2*a - 15083, 0*l + l = 4*a - 30157. Suppose -a = -93*f + 73*f. List the prime factors of f.
13, 29
Let v = -559 - -589. Let o(r) = 40*r - 191. List the prime factors of o(v).
1009
Suppose 67*l = -8*l + 531768 + 159882. What are the prime factors of l?
2, 3, 29, 53
Let y = 48631 - 27999. What are the prime factors of y?
2, 2579
Let b(g) = 48*g + 10 - 10 - 45*g. Let v be b(3). Suppose -v*h + 8*h + 96 = 0. List the prime factors of h.
2, 3
Let b(z) be the third derivative of -7*z**4/24 + 11*z**3/3 + 7*z**2. Let x be b(4). What are the prime factors of (-2)/x*3 + 40?
41
Let f(u) = -u**3 - 6*u**2 + 5. Let t be -12*(4 + 14/(-4)). Let a be f(t). Suppose o - 4*o - 5*s = -447, 0 = -a*s. List the prime factors of o.
149
Let w(k) = -170*k**2 - 9*k - 37. Let h be w(-3). Let j = h + 2663. List the prime factors of j.
1123
Let y be (-4 - (-96)/15)/((-10)/(-125)). Let v be 10/y + 254/3. Let u = v + 103. What are the prime factors of u?
2, 47
Let y(g) = 169*g**2 + 31*g + 91. What are the prime factors of y(14)?
7, 11, 19, 23
Let l = -3263 + 7026. What are the prime factors of l?
53, 71
Let h(q) = -129*q**3 + 4*q**2 + 5*q + 1. Let f(d) = -64*d**3 + 2*d**2 + 3*d + 1. Let i(n) = -7*f(n) + 4*h(n). What are the prime factors of i(-1)?
2, 17
Suppose -65471 = -4*g - q, 3*g - 5*q - 42414 = 6649. List the prime factors of g.
2, 7, 167
Let s(q) be the third derivative of -19*q**4/3 - q**3/6 - 3*q**2 - 3*q. What are the prime factors of s(-5)?
3, 11, 23
What are the prime factors of -16 + 121040/17*1?
2, 3, 37
List the prime factors of -483 + 484 + (-1)/(-3) + (-50104)/(-6).
2, 3, 29
Let u = 23 + -18. Suppose 4*y - u*t = 162 + 165, 0 = -2*y + 3*t + 165. Suppose -13*f = -16*f + y. What are the prime factors of f?
2, 13
Suppose -17*g - 85 = -136. Suppose -m - 3*n + 886 = 0, -3*m + g*n + 2694 = -0*n. What are the prime factors of m?
5, 179
Suppose 3*j - 34 = -5*c, -3*j = 6*c - 4*c - 19. Suppose 2850 = 5*i - c*t, 4*t + 480 = -2*i + 1596. What are the prime factors of i?
2, 283
Let j = -11528 + 16068. What are the prime factors of j?
2, 5, 227
Suppose 0 = -5*f - 10, -27*g - 14042 = -29*g + 2*f. List the prime factors of g.
7019
Let g be (2 - -1)/((-5)/(-20)). Let j be 3/g + 55/20. List the prime factors of (282/9 - -4)*j.
2, 53
Let o(u) = -u + 39. Suppose 0 = -4*s - 2*a + a + 60, 0 = -2*a. Let i be o(s). Let t = 57 - i. List the prime factors of t.
3, 11
Let w be 4/(-18) + (-34)/9. Let o(j) be the first derivative of -6*j**2 - 2*j - 637. What are the prime factors of o(w)?
2, 23
Let v(u) = 174*u**2 - 57*u - 388. What are the prime factors of v(-7)?
8537
Let z(p) = 22*p**2 + 10*p - 23. Let m be ((-32)/(-10))/((-106)/(-10) + -11). List the prime factors of z(m).
3, 5, 29
Let y(s) = -7*s**2 - s + 8. Let v be y(2). Let u(f) = -14*f + 18. What are the prime factors of u(v)?
2, 163
Let j(g) = -461*g**3 + 10*g**2 - 2*g - 41. List the prime factors of j(-4).
3, 7, 17, 83
Let f(a) = 54*a + 10. Let l be f(3). Suppose -b + 3 = -4*b, 0 = -4*c - 4*b + l. List the prime factors of c.
2, 11
Suppose 12*q - 138014 - 434181 = 35401. List the prime factors of q.
11, 4603
Let s = 5 - -36. Suppose -2*v = -v + s. Let x = v - -136. What are the prime factors of x?
5, 19
Let b be (-3)/(-3) + (-22 - -23). Suppose -b*m = 2*z - 908, -3*z + 3*m + 1366 = 8*m. List the prime factors of z.
2, 113
Let w = 6878 + -4272. List the prime factors of w.
2, 1303
Suppose -736764 = -234*s + 136*s. List the prime factors of s.
2, 3, 7, 179
Let t be ((-5)/(-3))/((-15)/(-45)). Suppose -t*x + k + 1944 = 0, 0 = -2*x + x + 2*k + 387. What are the prime factors of x?
389
Let j(x) = 118*x**2 - 38*x - 216. What are the prime factors of j(-11)?
2, 5, 181
What are the prime factors of ((-6)/(-7))/((-378)/(-2936178))?
2, 3329
Let l(i) = -i + 1. Let t(v) = 4*v - 8. Let b(a) = 15*l(a) + 5*t(a). Let n be b(6). Suppose -948 = -n*m - 278. List the prime factors of m.
2, 67
Let z(p) = 2*p**2 - 65*p - 846. List the prime factors of z(-11).
3, 37
Suppose -60*y + 20 = -56*y. Suppose -2*i - 5*o = -781, o - 398 = 4*i - y*i. List the prime factors of i.
13, 31
Let h = 4315 + -2339. Suppose 29*r - h = 12959. List the prime factors of r.
5, 103
Let i be 27/(966/162 + -6). Let f = i + 1279. What are the prime factors of f?
2, 5, 11
Let o = 3587 + -1633. List the prime factors of o.
2, 977
Let f(j) = -3*j**2 - 13*j - 7. Let x be f(-5). Let d(b) = -8*b - 9. Let o be d(x). Suppose 478 = 11*n - o. What are the prime factors of n?
5, 11
Suppose 77 + 9 + 198 = 4*b. Let m be ((-1)/2 + 0)*2. Let p = b - m. List the prime factors of p.
2, 3
Suppose 96*d = 69*d + 167373. List the prime factors of d.
6199
Suppose -2*h - 5*a = 2031, 0 = 4*h + a - 1468 + 5485. Let i = h + 1910. List the prime factors of i.
907
Let j = 14 - 17. List the prime factors of j/((-6)/7)*58104/378.
2, 269
Let l = 2659 - 789. Suppose l = 13*s - 2*s. What are the prime factors of s?
2, 5, 17
Let r(k) = 5127*k**2 - 11*k + 6. List the prime factors of r(1).
2, 13, 197
Let u(i) = 3*i - 63. Let h be u(22). Suppose 9 = -z - z + 3*r, h*r = 4*z + 3. Suppose 0 = t - 4*p - 88 - 54, z*p = -4*t + 644. What are the prime factors of t?
2, 79
Let d be 112/(-42)*(-18)/(-8). List the prime factors of -504*d*6/48.
2, 3, 7
What are the prime factors of 0 + (-6)/(-4) - (244218/(-52) + 41)?
4657
Let p(j) = -9*j**2 + 20*j + 48. Let w be p(14). Let n = w + 2226. What are the prime factors of n?
2, 5, 79
Let i(w) = 2*w**3 - 2*w**2. Let q be i(0). What are the prime factors of -5*(-1 + q) + 400?
3, 5
Let d(k) = -49*k + 53. Let w(l) = -2*l - 1. Let p(x) = -d(x) + 3*w(x). List the prime factors of p(30).
2, 617
Let u = -3577 + 5530. List the prime factors of u.
3, 7, 31
Let z(q) = 11*q + 45. Let f be z(17). Suppose 0 = -3*o - 46 + f. Suppose 3*b = -2*t + b + o, 4*t - b = 99. What are the prime factors of t?
2, 13
Let i = -16585 - -23406. List the prime factors of i.
19, 359
Let h(s) = 15*s**2 + 46*s + 3. Let m be h(-3). Suppose j + 0*j - z - 140 = 0, j - 4*z - 155 = m. What are the prime factors of j?
3, 5
Let p = 143 - -553. Suppose 4*m = 16*m + p. Let i = m + 68. List the prime factors of i.
2, 5
List the prime factors of (195100/8)/(62/124).
5, 1951
Let p = -538 + 539. Let d(n) = 26*n**2 + 7*n - 4. List the prime factors of d(p).
29
Let v = 83367 + -35058. What are the prime factors of v?
3, 16103
Suppose 4*s = 5*j - 184 - 162, s - 1 = 0. Let y = -72 + j. Let g(h) = h**2 + 1. List the prime factors of g(y).
5
Suppose -4*w = u + 20, 7*w - 5*w + 10 = 3*u. Suppose 8 = -2*r, u*r - 3184 = -4*x - r. What are the prime factors of x?
797
Let n(k) = -k**2 - 21*k + 167. Let m be n(-27). Let h(d) be the first derivative of -d**4/4 + 7*d**3/3 - d**2/2 - 2*d + 3. List the prime factors of h(m).
43
Suppose -4*m = -6447 - 14003 - 11090. List the prime factors of m.
5, 19, 83
Let f = 39 + -39. Suppose 2*c + 10 = f, -3*c - 21 = 4*n - 2*c. Let o(h) = 2*h**2 - 4*h + 3. List the prime factors of o(n).
3, 17
Let z(q) = q**3 + 4*q**2 - 12*q + 19. Let v be z(5). Suppose 2*y = 3*u + v